{"id":3544,"date":"2020-09-01T13:56:41","date_gmt":"2020-09-01T11:56:41","guid":{"rendered":"https:\/\/eurotexpoland.pl\/?page_id=3544"},"modified":"2023-10-05T14:53:51","modified_gmt":"2023-10-05T12:53:51","slug":"strona-glowna","status":"publish","type":"page","link":"https:\/\/eurotexpoland.pl\/","title":{"rendered":"Strona g\u0142\u00f3wna"},"content":{"rendered":"<p>[vc_row css=&#8221;.vc_custom_1599030193128{margin-top: 180px !important;margin-bottom: 30px !important;padding-top: 50px !important;padding-right: 50px !important;padding-bottom: 50px !important;padding-left: 50px !important;background-color: #f7f7f7 !important;}&#8221; el_id=&#8221;rs-about&#8221; el_class=&#8221;rs-about1&#8243;][vc_column]\r\n        <div class=\"rs-heading   \">\r\n        \t<div class=\"title-inner\">\r\n\t            <span class=\"sub-text\">EUROTEX<\/span>\r\n\t            <h2>Najlepsze rozwi\u0105zania w dziedzinie ta\u015bm transportuj\u0105cych i pas\u00f3w nap\u0119dowych dla Twojej firmy<\/h2>\r\n\t        <\/div><\/div>[vc_row_inner equal_height=&#8221;yes&#8221; content_placement=&#8221;middle&#8221; gap=&#8221;15&#8243;][vc_column_inner width=&#8221;1\/2&#8243;][vc_column_text]Firma EUROTEX oferuje pe\u0142en asortyment ta\u015bm transportuj\u0105cych i pas\u00f3w nap\u0119dowych. \u015awiadczymy us\u0142ug\u0119 profesjonalnego \u0142\u0105czenia ta\u015bm i pas\u00f3w na wymiar. Zajmujemy si\u0119 r\u00f3wnie\u017c kompleksowym utrzymaniem ruchu i serwisem urz\u0105dze\u0144 produkcyjnych. Z nasz\u0105 wiedz\u0105, do\u015bwiadczeniem i zasobami jeste\u015bmy w stanie zaproponowa\u0107 najlepsze i najnowocze\u015bniejsze rozwi\u0105zania. U nas zam\u00f3wisz pasy transmisyjne na wymiar zgodnie z Twoimi wymaganiami.[\/vc_column_text][\/vc_column_inner][vc_column_inner width=&#8221;1\/2&#8243;][vc_column_text]Jeste\u015bmy producentami ta\u015bm transportowych z zabierakami oraz fartuchami bocznymi.<\/p>\n<p>Charakteryzuj\u0105 nas kr\u00f3tkie terminy realizacji, wysoka jako\u015b\u0107 oferowanych materia\u0142\u00f3w oraz przyst\u0119pne ceny, w sytuacjach awaryjnych jeste\u015bmy w stanie wykona\u0107 ta\u015bm\u0119 z akcesoriami w ci\u0105gu kilku godzin.<\/p>\n<p>Posiadamy ta\u015bmy i akcesoria w wersji PU i PVC.<\/p>\n<p>Zapraszam do sk\u0142adania zapyta\u0144.[\/vc_column_text][\/vc_column_inner][\/vc_row_inner][vc_row_inner][vc_column_inner][\/vc_column_inner][\/vc_row_inner][\/vc_column][\/vc_row][vc_row][vc_column][vc_images_carousel images=&#8221;3562,3563,3564,3565,3566,3567,3568,3569,3570,3571,3572&#8243; img_size=&#8221;full&#8221; onclick=&#8221;link_no&#8221; speed=&#8221;3000&#8243; autoplay=&#8221;yes&#8221; hide_prev_next_buttons=&#8221;yes&#8221; wrap=&#8221;yes&#8221; css_animation=&#8221;fadeIn&#8221;][\/vc_column][\/vc_row][vc_row css=&#8221;.vc_custom_1599028691185{padding-top: 35px !important;padding-bottom: 65px !important;}&#8221;][vc_column][vc_row_inner][vc_column_inner width=&#8221;1\/3&#8243;][vc_single_image image=&#8221;3576&#8243; img_size=&#8221;220&#215;150&#8243; alignment=&#8221;center&#8221; onclick=&#8221;custom_link&#8221; link=&#8221;\/produkty\/tasmy-transportujace\/&#8221;][vc_column_text]<\/p>\n<p style=\"text-align: center;\"><a class=\"readon\" href=\"\/produkty\/tasmy-transportujace\/\">Ta\u015bmy transportuj\u0105ce<\/a><\/p>\n<p>[\/vc_column_text][\/vc_column_inner][vc_column_inner width=&#8221;1\/3&#8243;][vc_single_image image=&#8221;3587&#8243; img_size=&#8221;220&#215;150&#8243; alignment=&#8221;center&#8221; onclick=&#8221;custom_link&#8221; link=&#8221;\/produkty\/pasy-napedowe\/&#8221;][vc_column_text]<\/p>\n<p style=\"text-align: center;\"><a class=\"readon\" href=\"\/produkty\/pasy-napedowe\/\">Pasy nap\u0119dowe<\/a><\/p>\n<p>[\/vc_column_text][\/vc_column_inner][vc_column_inner width=&#8221;1\/3&#8243;][vc_single_image image=&#8221;3997&#8243; img_size=&#8221;220&#215;150&#8243; alignment=&#8221;center&#8221; onclick=&#8221;custom_link&#8221; link=&#8221;\/produkty\/akcesoria\/&#8221;][vc_column_text]<\/p>\n<p style=\"text-align: center;\"><a class=\"readon\" href=\"\/produkty\/tasmy-kubelki-i-czerpaki-elewatorowe\/\">Ta\u015bmy elewatorowe<\/a><\/p>\n<p>[\/vc_column_text][\/vc_column_inner][\/vc_row_inner][vc_row_inner][vc_column_inner width=&#8221;1\/3&#8243;][vc_single_image image=&#8221;4000&#8243; img_size=&#8221;220&#215;150&#8243; alignment=&#8221;center&#8221; onclick=&#8221;custom_link&#8221; link=&#8221;\/produkty\/pasy-napedowe\/&#8221;][vc_column_text]<\/p>\n<p style=\"text-align: center;\"><a class=\"readon\" href=\"\/produkty\/tasmy-kubelki-i-czerpaki-elewatorowe\/\">Kube\u0142ki<\/a><\/p>\n<p>[\/vc_column_text][\/vc_column_inner][vc_column_inner width=&#8221;1\/3&#8243;][vc_single_image image=&#8221;3588&#8243; img_size=&#8221;220&#215;150&#8243; alignment=&#8221;center&#8221; onclick=&#8221;custom_link&#8221; link=&#8221;\/produkty\/akcesoria\/&#8221;][vc_column_text]<\/p>\n<p style=\"text-align: center;\"><a class=\"readon\" href=\"\/produkty\/akcesoria\/\">Akcesoria<\/a><\/p>\n<p>[\/vc_column_text][\/vc_column_inner][vc_column_inner width=&#8221;1\/3&#8243;][vc_single_image image=&#8221;3589&#8243; img_size=&#8221;220&#215;150&#8243; alignment=&#8221;center&#8221; onclick=&#8221;custom_link&#8221; link=&#8221;\/produkty\/serwis\/&#8221;][vc_column_text]<\/p>\n<p style=\"text-align: center;\"><a class=\"readon\" href=\"\/produkty\/serwis\/\">Serwis<\/a><\/p>\n<p>[\/vc_column_text][\/vc_column_inner][\/vc_row_inner][\/vc_column][\/vc_row][vc_row][vc_column][vc_single_image image=&#8221;4119&#8243; img_size=&#8221;full&#8221; alignment=&#8221;center&#8221;][\/vc_column][\/vc_row][vc_row css=&#8221;.vc_custom_1529993965991{padding-top: 35px !important;padding-bottom: 65px !important;}&#8221; el_id=&#8221;rs-partner&#8221; el_class=&#8221;rs-partner&#8221;][vc_column][vc_row_inner][vc_column_inner width=&#8221;1\/12&#8243;][\/vc_column_inner][vc_column_inner width=&#8221;1\/6&#8243;][vc_single_image image=&#8221;3593&#8243; img_size=&#8221;full&#8221; alignment=&#8221;center&#8221;][\/vc_column_inner][vc_column_inner width=&#8221;1\/6&#8243;][vc_single_image image=&#8221;3594&#8243; img_size=&#8221;full&#8221; alignment=&#8221;center&#8221;][\/vc_column_inner][vc_column_inner width=&#8221;1\/6&#8243;][vc_single_image image=&#8221;3595&#8243; img_size=&#8221;full&#8221; alignment=&#8221;center&#8221;][\/vc_column_inner][vc_column_inner width=&#8221;1\/6&#8243;][vc_single_image image=&#8221;3596&#8243; img_size=&#8221;full&#8221; alignment=&#8221;center&#8221;][\/vc_column_inner][vc_column_inner width=&#8221;1\/6&#8243;][vc_single_image image=&#8221;3597&#8243; img_size=&#8221;full&#8221; alignment=&#8221;center&#8221;][\/vc_column_inner][vc_column_inner width=&#8221;1\/12&#8243;][\/vc_column_inner][\/vc_row_inner][\/vc_column][\/vc_row]<\/p>\n","protected":false},"excerpt":{"rendered":"<p>[vc_row css=&#8221;.vc_custom_1599030193128{margin-top: 180px !important;margin-bottom: 30px !important;padding-top: 50px !important;padding-right: 50px !important;padding-bottom: 50px !important;padding-left: 50px !important;background-color: #f7f7f7 !important;}&#8221; el_id=&#8221;rs-about&#8221; el_class=&#8221;rs-about1&#8243;][vc_column][vc_row_inner equal_height=&#8221;yes&#8221; content_placement=&#8221;middle&#8221;&#8230;<\/p>\n","protected":false},"author":1,"featured_media":0,"parent":0,"menu_order":0,"comment_status":"closed","ping_status":"closed","template":"","meta":[],"yoast_head":"<!-- This site is optimized with the Yoast SEO plugin v15.2 - https:\/\/yoast.com\/wordpress\/plugins\/seo\/ -->\n<title>Ta\u015bmy transportuj\u0105ce i pasy nap\u0119dowe: EUROTEX<\/title>\n<meta name=\"description\" content=\"Firma EUROTEX oferuje szeroki asortyment ta\u015bm transportuj\u0105cych i pas\u00f3w nap\u0119dowych. \u015awiadczymy us\u0142ugi profesjonalnego \u0142\u0105czenia ta\u015bm i pas\u00f3w na wymiar.\" \/>\n<meta name=\"robots\" content=\"index, follow, max-snippet:-1, max-image-preview:large, max-video-preview:-1\" \/>\n<link rel=\"canonical\" href=\"https:\/\/eurotexpoland.pl\/\" \/>\n<meta property=\"og:locale\" content=\"pl_PL\" \/>\n<meta property=\"og:type\" content=\"article\" \/>\n<meta property=\"og:title\" content=\"Ta\u015bmy transportuj\u0105ce i pasy nap\u0119dowe: EUROTEX\" \/>\n<meta property=\"og:description\" content=\"Firma EUROTEX oferuje szeroki asortyment ta\u015bm transportuj\u0105cych i pas\u00f3w nap\u0119dowych. \u015awiadczymy us\u0142ugi profesjonalnego \u0142\u0105czenia ta\u015bm i pas\u00f3w na wymiar.\" \/>\n<meta property=\"og:url\" content=\"https:\/\/eurotexpoland.pl\/\" \/>\n<meta property=\"og:site_name\" content=\"EUROTEX\" \/>\n<meta property=\"article:modified_time\" content=\"2023-10-05T12:53:51+00:00\" \/>\n<meta name=\"twitter:card\" content=\"summary_large_image\" \/>\n<meta name=\"twitter:label1\" value=\"Written by\">\n\t<meta name=\"twitter:data1\" value=\"admin\">\n\t<meta name=\"twitter:label2\" value=\"Est. reading time\">\n\t<meta name=\"twitter:data2\" value=\"3 minuty\">\n<script type=\"application\/ld+json\" class=\"yoast-schema-graph\">{\"@context\":\"https:\/\/schema.org\",\"@graph\":[{\"@type\":\"WebSite\",\"@id\":\"https:\/\/eurotexpoland.pl\/#website\",\"url\":\"https:\/\/eurotexpoland.pl\/\",\"name\":\"EUROTEX\",\"description\":\"Ta\\u015bmy transportowe i pasy nap\\u0119dowe\",\"potentialAction\":[{\"@type\":\"SearchAction\",\"target\":\"https:\/\/eurotexpoland.pl\/?s={search_term_string}\",\"query-input\":\"required name=search_term_string\"}],\"inLanguage\":\"pl-PL\"},{\"@type\":\"WebPage\",\"@id\":\"https:\/\/eurotexpoland.pl\/#webpage\",\"url\":\"https:\/\/eurotexpoland.pl\/\",\"name\":\"Ta\\u015bmy transportuj\\u0105ce i pasy nap\\u0119dowe: EUROTEX\",\"isPartOf\":{\"@id\":\"https:\/\/eurotexpoland.pl\/#website\"},\"datePublished\":\"2020-09-01T11:56:41+00:00\",\"dateModified\":\"2023-10-05T12:53:51+00:00\",\"description\":\"Firma EUROTEX oferuje szeroki asortyment ta\\u015bm transportuj\\u0105cych i pas\\u00f3w nap\\u0119dowych. \\u015awiadczymy us\\u0142ugi profesjonalnego \\u0142\\u0105czenia ta\\u015bm i pas\\u00f3w na wymiar.\",\"inLanguage\":\"pl-PL\",\"potentialAction\":[{\"@type\":\"ReadAction\",\"target\":[\"https:\/\/eurotexpoland.pl\/\"]}]}]}<\/script>\n<!-- \/ Yoast SEO plugin. -->","_links":{"self":[{"href":"https:\/\/eurotexpoland.pl\/index.php?rest_route=\/wp\/v2\/pages\/3544"}],"collection":[{"href":"https:\/\/eurotexpoland.pl\/index.php?rest_route=\/wp\/v2\/pages"}],"about":[{"href":"https:\/\/eurotexpoland.pl\/index.php?rest_route=\/wp\/v2\/types\/page"}],"author":[{"embeddable":true,"href":"https:\/\/eurotexpoland.pl\/index.php?rest_route=\/wp\/v2\/users\/1"}],"replies":[{"embeddable":true,"href":"https:\/\/eurotexpoland.pl\/index.php?rest_route=%2Fwp%2Fv2%2Fcomments&post=3544"}],"version-history":[{"count":37,"href":"https:\/\/eurotexpoland.pl\/index.php?rest_route=\/wp\/v2\/pages\/3544\/revisions"}],"predecessor-version":[{"id":4140,"href":"https:\/\/eurotexpoland.pl\/index.php?rest_route=\/wp\/v2\/pages\/3544\/revisions\/4140"}],"wp:attachment":[{"href":"https:\/\/eurotexpoland.pl\/index.php?rest_route=%2Fwp%2Fv2%2Fmedia&parent=3544"}],"curies":[{"name":"wp","href":"https:\/\/api.w.org\/{rel}","templated":true}]}}