{"id":3723,"date":"2020-09-02T12:57:27","date_gmt":"2020-09-02T10:57:27","guid":{"rendered":"https:\/\/eurotexpoland.pl\/?page_id=3723"},"modified":"2022-08-03T13:36:44","modified_gmt":"2022-08-03T11:36:44","slug":"papierniczy","status":"publish","type":"page","link":"https:\/\/eurotexpoland.pl\/?page_id=3723","title":{"rendered":"Przemys\u0142 papierniczy"},"content":{"rendered":"<p>[vc_row css=&#8221;.vc_custom_1599030211582{margin-top: 180px !important;padding-top: 93px !important;padding-bottom: 20px !important;}&#8221;][vc_column]\r\n        <div class=\"rs-heading  border-style center\">\r\n        \t<div class=\"title-inner\">\r\n\t            \r\n\t            <h2>Ta\u015bmy transportowe do przemys\u0142u papierniczego<\/h2>\r\n\t        <\/div><\/div>[\/vc_column][\/vc_row][vc_row css=&#8221;.vc_custom_1599031934410{margin-top: 0px !important;margin-bottom: 50px !important;padding-top: 50px !important;padding-right: 50px !important;padding-bottom: 50px !important;padding-left: 50px !important;background-color: #f7f7f7 !important;}&#8221; el_id=&#8221;rs-about&#8221; el_class=&#8221;rs-about1&#8243;][vc_column][vc_row_inner equal_height=&#8221;yes&#8221; content_placement=&#8221;middle&#8221;][vc_column_inner width=&#8221;3\/4&#8243;][vc_column_text]Nasza oferta obejmuje produkty niezb\u0119dne do produkcji papieru, kartonu, tektury, tub, a tak\u017ce do zastosowania w procesie sk\u0142adania i sklejania pude\u0142ek. Proponujemy:<\/p>\n<ul>\n<li>syntetyczne ta\u015bmy transportuj\u0105ce,<\/li>\n<li>ta\u015bmy modu\u0142owe,<\/li>\n<li>ta\u015bmy bezszwowe (bezko\u0144cowo tkane),<\/li>\n<li>wysokowydajne, wytrzyma\u0142e pasy p\u0142askie typu Rapplon,<\/li>\n<li>pasy in\u017cynieryjne z perforacj\u0105 do pracy na przeno\u015bnikach z funkcj\u0105 podci\u015bnienia,<\/li>\n<li>pasy z r\u00f3\u017cnymi typami powlecze\u0144 o wysokiej odporno\u015bci na \u015bcieranie.<\/li>\n<\/ul>\n<p>[\/vc_column_text][\/vc_column_inner][vc_column_inner width=&#8221;1\/4&#8243;][vc_images_carousel images=&#8221;3724,3725&#8243; img_size=&#8221;150&#215;150&#8243; speed=&#8221;2000&#8243; autoplay=&#8221;yes&#8221; hide_prev_next_buttons=&#8221;yes&#8221; wrap=&#8221;yes&#8221;][\/vc_column_inner][\/vc_row_inner][vc_media_grid grid_id=&#8221;vc_gid:1659526573065-ef198378-3286-10&#8243; include=&#8221;4076,4071,4062,4074,4073,4067,4060,4058,4051,4049,4044,4046,3725&#8243;][\/vc_column][\/vc_row]<\/p>\n","protected":false},"excerpt":{"rendered":"<p>[vc_row css=&#8221;.vc_custom_1599030211582{margin-top: 180px !important;padding-top: 93px !important;padding-bottom: 20px !important;}&#8221;][vc_column][\/vc_column][\/vc_row][vc_row css=&#8221;.vc_custom_1599031934410{margin-top: 0px !important;margin-bottom: 50px !important;padding-top: 50px !important;padding-right: 50px !important;padding-bottom: 50px !important;padding-left: 50px&#8230;<\/p>\n","protected":false},"author":1,"featured_media":0,"parent":3703,"menu_order":0,"comment_status":"closed","ping_status":"closed","template":"","meta":[],"yoast_head":"<!-- This site is optimized with the Yoast SEO plugin v15.2 - https:\/\/yoast.com\/wordpress\/plugins\/seo\/ -->\n<title>Przemys\u0142 papierniczy - EUROTEX<\/title>\n<meta name=\"description\" content=\"Nasza oferta obejmuje produkty niezb\u0119dne do produkcji papieru, kartonu, tektury, tub, a tak\u017ce do zastosowania w procesie sk\u0142adania i sklejania pude\u0142ek.\" \/>\n<meta name=\"robots\" content=\"index, follow, max-snippet:-1, max-image-preview:large, max-video-preview:-1\" \/>\n<link rel=\"canonical\" href=\"https:\/\/eurotexpoland.pl\/?page_id=3723\" \/>\n<meta property=\"og:locale\" content=\"pl_PL\" \/>\n<meta property=\"og:type\" content=\"article\" \/>\n<meta property=\"og:title\" content=\"Przemys\u0142 papierniczy - EUROTEX\" \/>\n<meta property=\"og:description\" content=\"Nasza oferta obejmuje produkty niezb\u0119dne do produkcji papieru, kartonu, tektury, tub, a tak\u017ce do zastosowania w procesie sk\u0142adania i sklejania pude\u0142ek.\" \/>\n<meta property=\"og:url\" content=\"https:\/\/eurotexpoland.pl\/?page_id=3723\" \/>\n<meta property=\"og:site_name\" content=\"EUROTEX\" \/>\n<meta property=\"article:modified_time\" content=\"2022-08-03T11:36:44+00:00\" \/>\n<meta name=\"twitter:card\" content=\"summary_large_image\" \/>\n<meta name=\"twitter:label1\" value=\"Written by\">\n\t<meta name=\"twitter:data1\" value=\"admin\">\n\t<meta name=\"twitter:label2\" value=\"Est. reading time\">\n\t<meta name=\"twitter:data2\" value=\"1 minuta\">\n<script type=\"application\/ld+json\" class=\"yoast-schema-graph\">{\"@context\":\"https:\/\/schema.org\",\"@graph\":[{\"@type\":\"WebSite\",\"@id\":\"https:\/\/eurotexpoland.pl\/#website\",\"url\":\"https:\/\/eurotexpoland.pl\/\",\"name\":\"EUROTEX\",\"description\":\"Ta\\u015bmy transportowe i pasy nap\\u0119dowe\",\"potentialAction\":[{\"@type\":\"SearchAction\",\"target\":\"https:\/\/eurotexpoland.pl\/?s={search_term_string}\",\"query-input\":\"required name=search_term_string\"}],\"inLanguage\":\"pl-PL\"},{\"@type\":\"WebPage\",\"@id\":\"https:\/\/eurotexpoland.pl\/?page_id=3723#webpage\",\"url\":\"https:\/\/eurotexpoland.pl\/?page_id=3723\",\"name\":\"Przemys\\u0142 papierniczy - EUROTEX\",\"isPartOf\":{\"@id\":\"https:\/\/eurotexpoland.pl\/#website\"},\"datePublished\":\"2020-09-02T10:57:27+00:00\",\"dateModified\":\"2022-08-03T11:36:44+00:00\",\"description\":\"Nasza oferta obejmuje produkty niezb\\u0119dne do produkcji papieru, kartonu, tektury, tub, a tak\\u017ce do zastosowania w procesie sk\\u0142adania i sklejania pude\\u0142ek.\",\"inLanguage\":\"pl-PL\",\"potentialAction\":[{\"@type\":\"ReadAction\",\"target\":[\"https:\/\/eurotexpoland.pl\/?page_id=3723\"]}]}]}<\/script>\n<!-- \/ Yoast SEO plugin. -->","_links":{"self":[{"href":"https:\/\/eurotexpoland.pl\/index.php?rest_route=\/wp\/v2\/pages\/3723"}],"collection":[{"href":"https:\/\/eurotexpoland.pl\/index.php?rest_route=\/wp\/v2\/pages"}],"about":[{"href":"https:\/\/eurotexpoland.pl\/index.php?rest_route=\/wp\/v2\/types\/page"}],"author":[{"embeddable":true,"href":"https:\/\/eurotexpoland.pl\/index.php?rest_route=\/wp\/v2\/users\/1"}],"replies":[{"embeddable":true,"href":"https:\/\/eurotexpoland.pl\/index.php?rest_route=%2Fwp%2Fv2%2Fcomments&post=3723"}],"version-history":[{"count":3,"href":"https:\/\/eurotexpoland.pl\/index.php?rest_route=\/wp\/v2\/pages\/3723\/revisions"}],"predecessor-version":[{"id":4088,"href":"https:\/\/eurotexpoland.pl\/index.php?rest_route=\/wp\/v2\/pages\/3723\/revisions\/4088"}],"up":[{"embeddable":true,"href":"https:\/\/eurotexpoland.pl\/index.php?rest_route=\/wp\/v2\/pages\/3703"}],"wp:attachment":[{"href":"https:\/\/eurotexpoland.pl\/index.php?rest_route=%2Fwp%2Fv2%2Fmedia&parent=3723"}],"curies":[{"name":"wp","href":"https:\/\/api.w.org\/{rel}","templated":true}]}}