{"id":3792,"date":"2020-09-02T13:26:26","date_gmt":"2020-09-02T11:26:26","guid":{"rendered":"https:\/\/eurotexpoland.pl\/?page_id=3792"},"modified":"2022-05-04T14:12:08","modified_gmt":"2022-05-04T12:12:08","slug":"kontakt","status":"publish","type":"page","link":"https:\/\/eurotexpoland.pl\/?page_id=3792","title":{"rendered":"Kontakt"},"content":{"rendered":"<p>[vc_row full_width=&#8221;stretch_row&#8221; css=&#8221;.vc_custom_1599046082460{margin-top: 180px !important;padding-top: 100px !important;padding-bottom: 100px !important;}&#8221; el_id=&#8221;rscontact-pages&#8221;][vc_column][vc_row_inner css=&#8221;.vc_custom_1651665620292{padding-top: 25px !important;padding-bottom: 25px !important;}&#8221;][vc_column_inner css=&#8221;.vc_custom_1651666022751{padding-top: 40px !important;padding-bottom: 20px !important;background-color: #f5f5f5 !important;}&#8221;][vc_column_text css=&#8221;.vc_custom_1651666326200{padding-left: 30px !important;}&#8221;]<strong>Szukasz niestandardowej ta\u015bmy transportuj\u0105cej, pasa nap\u0119dowego lub innego przedmiotu? Skontaktuj si\u0119 z nami i doradzimy zar\u00f3wno niedu\u017cym gospodarstwom jak i du\u017cym firmom.<\/strong>[\/vc_column_text][vc_column_text css=&#8221;.vc_custom_1644321987242{padding-left: 30px !important;}&#8221;]Nasi wykwalifikowani pracownicy, dysponuj\u0105cy wiedz\u0105 i do\u015bwiadczeniem w bran\u017cy pozostaj\u0105 do Pa\u0144stwa us\u0142ug, zapewniaj\u0105c profesjonalne doradztwo w dziedzinie w\u0142a\u015bciwego doboru rozwi\u0105za\u0144 technicznych zgodnych z odpowiednimi standardami. Dla Naszych klient\u00f3w \u015bwiadczymy serwis 24h.[\/vc_column_text][\/vc_column_inner][\/vc_row_inner][vc_row_inner css=&#8221;.vc_custom_1651665620292{padding-top: 25px !important;padding-bottom: 25px !important;}&#8221;][vc_column_inner el_class=&#8221;contact-details&#8221; width=&#8221;1\/2&#8243;][vc_icon icon_fontawesome=&#8221;fa fa-map-marker&#8221; color=&#8221;black&#8221; background_style=&#8221;rounded&#8221; background_color=&#8221;orange&#8221; size=&#8221;sm&#8221; align=&#8221;center&#8221;][vc_column_text]<\/p>\n<p style=\"text-align: center;\">ul. Pi\u0142sudskiego 3A<br \/>\n32-050 Skawina k. Krakowa<\/p>\n<p>[\/vc_column_text][\/vc_column_inner][vc_column_inner el_class=&#8221;contact-details&#8221; width=&#8221;1\/2&#8243;][vc_icon icon_fontawesome=&#8221;fa fa-phone&#8221; color=&#8221;black&#8221; background_style=&#8221;rounded&#8221; background_color=&#8221;orange&#8221; size=&#8221;sm&#8221; align=&#8221;center&#8221;][vc_column_text]<\/p>\n<p style=\"text-align: center;\">Tel.:\u00a0<a href=\"tel:+123574648\">12 357 46 48<\/a><br \/>\nE-mail:\u00a0<a href=\"mailto:biuro@eurotexpoland.pl\">biuro@eurotexpoland.pl<\/a><\/p>\n<p>[\/vc_column_text][\/vc_column_inner][\/vc_row_inner][vc_gmaps link=&#8221;#E-8_JTNDaWZyYW1lJTIwc3JjJTNEJTIyaHR0cHMlM0ElMkYlMkZ3d3cuZ29vZ2xlLmNvbSUyRm1hcHMlMkZlbWJlZCUzRnBiJTNEJTIxMW0xNCUyMTFtOCUyMTFtMyUyMTFkMTAyNjQuMTQ4MzM0OTEwMjY3JTIxMmQxOS44MTExMzc0JTIxM2Q0OS45NzMxNjMxJTIxM20yJTIxMWkxMDI0JTIxMmk3NjglMjE0ZjEzLjElMjEzbTMlMjExbTIlMjExczB4MCUyNTNBMHg3OGVmNTdjMDM1MjRlOTdiJTIxMnNFdXJvdGV4JTIxNWUwJTIxM20yJTIxMXNwbCUyMTJzcGwlMjE0djE1OTkwNDU5MjQwMDAlMjE1bTIlMjExc3BsJTIxMnNwbCUyMiUyMHdpZHRoJTNEJTIyNjAwJTIyJTIwaGVpZ2h0JTNEJTIyNDUwJTIyJTIwZnJhbWVib3JkZXIlM0QlMjIwJTIyJTIwc3R5bGUlM0QlMjJib3JkZXIlM0EwJTNCJTIyJTIwYWxsb3dmdWxsc2NyZWVuJTNEJTIyJTIyJTIwYXJpYS1oaWRkZW4lM0QlMjJmYWxzZSUyMiUyMHRhYmluZGV4JTNEJTIyMCUyMiUzRSUzQyUyRmlmcmFtZSUzRQ==&#8221;][\/vc_column][\/vc_row]<\/p>\n","protected":false},"excerpt":{"rendered":"<p>[vc_row full_width=&#8221;stretch_row&#8221; css=&#8221;.vc_custom_1599046082460{margin-top: 180px !important;padding-top: 100px !important;padding-bottom: 100px !important;}&#8221; el_id=&#8221;rscontact-pages&#8221;][vc_column][vc_row_inner css=&#8221;.vc_custom_1651665620292{padding-top: 25px !important;padding-bottom: 25px !important;}&#8221;][vc_column_inner css=&#8221;.vc_custom_1651666022751{padding-top: 40px !important;padding-bottom: 20px !important;background-color:&#8230;<\/p>\n","protected":false},"author":1,"featured_media":0,"parent":0,"menu_order":0,"comment_status":"closed","ping_status":"closed","template":"","meta":[],"yoast_head":"<!-- This site is optimized with the Yoast SEO plugin v15.2 - https:\/\/yoast.com\/wordpress\/plugins\/seo\/ -->\n<title>Kontakt - EUROTEX - Ta\u015bmy transportuj\u0105ce i pasy nap\u0119dowe<\/title>\n<meta name=\"description\" content=\"\u015awiadczymy serwis 24h, a nasi wykwalifikowani pracownicy, zapewniaj\u0105c profesjonalne doradztwo, pozostaj\u0105 do Pa\u0144stwa us\u0142ug.\" \/>\n<meta name=\"robots\" content=\"index, follow, max-snippet:-1, max-image-preview:large, max-video-preview:-1\" \/>\n<link rel=\"canonical\" href=\"https:\/\/eurotexpoland.pl\/?page_id=3792\" \/>\n<meta property=\"og:locale\" content=\"pl_PL\" \/>\n<meta property=\"og:type\" content=\"article\" \/>\n<meta property=\"og:title\" content=\"Kontakt - EUROTEX - Ta\u015bmy transportuj\u0105ce i pasy nap\u0119dowe\" \/>\n<meta property=\"og:description\" content=\"\u015awiadczymy serwis 24h, a nasi wykwalifikowani pracownicy, zapewniaj\u0105c profesjonalne doradztwo, pozostaj\u0105 do Pa\u0144stwa us\u0142ug.\" \/>\n<meta property=\"og:url\" content=\"https:\/\/eurotexpoland.pl\/?page_id=3792\" \/>\n<meta property=\"og:site_name\" content=\"EUROTEX\" \/>\n<meta property=\"article:modified_time\" content=\"2022-05-04T12:12:08+00:00\" \/>\n<meta name=\"twitter:card\" content=\"summary_large_image\" \/>\n<meta name=\"twitter:label1\" value=\"Written by\">\n\t<meta name=\"twitter:data1\" value=\"admin\">\n\t<meta name=\"twitter:label2\" value=\"Est. reading time\">\n\t<meta name=\"twitter:data2\" value=\"1 minuta\">\n<script type=\"application\/ld+json\" class=\"yoast-schema-graph\">{\"@context\":\"https:\/\/schema.org\",\"@graph\":[{\"@type\":\"WebSite\",\"@id\":\"https:\/\/eurotexpoland.pl\/#website\",\"url\":\"https:\/\/eurotexpoland.pl\/\",\"name\":\"EUROTEX\",\"description\":\"Ta\\u015bmy transportowe i pasy nap\\u0119dowe\",\"potentialAction\":[{\"@type\":\"SearchAction\",\"target\":\"https:\/\/eurotexpoland.pl\/?s={search_term_string}\",\"query-input\":\"required name=search_term_string\"}],\"inLanguage\":\"pl-PL\"},{\"@type\":\"WebPage\",\"@id\":\"https:\/\/eurotexpoland.pl\/?page_id=3792#webpage\",\"url\":\"https:\/\/eurotexpoland.pl\/?page_id=3792\",\"name\":\"Kontakt - EUROTEX - Ta\\u015bmy transportuj\\u0105ce i pasy nap\\u0119dowe\",\"isPartOf\":{\"@id\":\"https:\/\/eurotexpoland.pl\/#website\"},\"datePublished\":\"2020-09-02T11:26:26+00:00\",\"dateModified\":\"2022-05-04T12:12:08+00:00\",\"description\":\"\\u015awiadczymy serwis 24h, a nasi wykwalifikowani pracownicy, zapewniaj\\u0105c profesjonalne doradztwo, pozostaj\\u0105 do Pa\\u0144stwa us\\u0142ug.\",\"inLanguage\":\"pl-PL\",\"potentialAction\":[{\"@type\":\"ReadAction\",\"target\":[\"https:\/\/eurotexpoland.pl\/?page_id=3792\"]}]}]}<\/script>\n<!-- \/ Yoast SEO plugin. -->","_links":{"self":[{"href":"https:\/\/eurotexpoland.pl\/index.php?rest_route=\/wp\/v2\/pages\/3792"}],"collection":[{"href":"https:\/\/eurotexpoland.pl\/index.php?rest_route=\/wp\/v2\/pages"}],"about":[{"href":"https:\/\/eurotexpoland.pl\/index.php?rest_route=\/wp\/v2\/types\/page"}],"author":[{"embeddable":true,"href":"https:\/\/eurotexpoland.pl\/index.php?rest_route=\/wp\/v2\/users\/1"}],"replies":[{"embeddable":true,"href":"https:\/\/eurotexpoland.pl\/index.php?rest_route=%2Fwp%2Fv2%2Fcomments&post=3792"}],"version-history":[{"count":18,"href":"https:\/\/eurotexpoland.pl\/index.php?rest_route=\/wp\/v2\/pages\/3792\/revisions"}],"predecessor-version":[{"id":4020,"href":"https:\/\/eurotexpoland.pl\/index.php?rest_route=\/wp\/v2\/pages\/3792\/revisions\/4020"}],"wp:attachment":[{"href":"https:\/\/eurotexpoland.pl\/index.php?rest_route=%2Fwp%2Fv2%2Fmedia&parent=3792"}],"curies":[{"name":"wp","href":"https:\/\/api.w.org\/{rel}","templated":true}]}}